e remainder when 903 is divided by 113.
112
What is the remainder when 2066 is divided by 139?
120
What is the remainder when 3517 is divided by 870?
37
What is the remainder when 1330 is divided by 12?
10
Calculate the remainder when 171 is divided by 47.
30
Calculate the remainder when 1517 is divided by 502.
11
What is the remainder when 5945 is divided by 298?
283
What is the remainder when 6781 is divided by 564?
13
Calculate the remainder when 431 is divided by 36.
35
Calculate the remainder when 8945 is divided by 71.
70
Calculate the remainder when 865 is divided by 51.
49
Calculate the remainder when 21710 is divided by 22.
18
Calculate the remainder when 348 is divided by 172.
4
What is the remainder when 120 is divided by 23?
5
Calculate the remainder when 43 is divided by 2.
1
What is the remainder when 1005 is divided by 332?
9
What is the remainder when 432 is divided by 84?
12
What is the remainder when 2921 is divided by 162?
5
Calculate the remainder when 81 is divided by 2.
1
Calculate the remainder when 3069 is divided by 48.
45
What is the remainder when 53 is divided by 6?
5
What is the remainder when 1479 is divided by 13?
10
Calculate the remainder when 326 is divided by 27.
2
Calculate the remainder when 5992 is divided by 162.
160
What is the remainder when 481 is divided by 49?
40
What is the remainder when 120 is divided by 34?
18
Calculate the remainder when 382 is divided by 126.
4
What is the remainder when 516 is divided by 159?
39
What is the remainder when 1085 is divided by 109?
104
Calculate the remainder when 625 is divided by 83.
44
Calculate the remainder when 299 is divided by 31.
20
What is the remainder when 6 is divided by 2?
0
What is the remainder when 97 is divided by 47?
3
Calculate the remainder when 1227 is divided by 606.
15
Calculate the remainder when 1939 is divided by 961.
17
Calculate the remainder when 6452 is divided by 3224.
4
Calculate the remainder when 1731 is divided by 50.
31
Calculate the remainder when 1088 is divided by 383.
322
What is the remainder when 263 is divided by 85?
8
What is the remainder when 9076 is divided by 89?
87
Calculate the remainder when 158 is divided by 67.
24
Calculate the remainder when 1731 is divided by 14.
9
What is the remainder when 2944 is divided by 50?
44
What is the remainder when 84 is divided by 61?
23
Calculate the remainder when 415 is divided by 104.
103
What is the remainder when 90 is divided by 47?
43
What is the remainder when 1307 is divided by 12?
11
What is the remainder when 105 is divided by 45?
15
What is the remainder when 605 is divided by 9?
2
Calculate the remainder when 266 is divided by 67.
65
Calculate the remainder when 49 is divided by 37.
12
What is the remainder when 4211 is divided by 108?
107
What is the remainder when 10927 is divided by 13?
7
Calculate the remainder when 848 is divided by 122.
116
Calculate the remainder when 167 is divided by 40.
7
Calculate the remainder when 271 is divided by 135.
1
What is the remainder when 3300 is divided by 28?
24
What is the remainder when 1042 is divided by 18?
16
What is the remainder when 71 is divided by 12?
11
Calculate the remainder when 149 is divided by 7.
2
Calculate the remainder when 397 is divided by 17.
6
What is the remainder when 31 is divided by 15?
1
Calculate the remainder when 872 is divided by 127.
110
What is the remainder when 83 is divided by 40?
3
Calculate the remainder when 2447 is divided by 202.
23
Calculate the remainder when 205 is divided by 66.
7
Calculate the remainder when 127 is divided by 4.
3
What is the remainder when 1649 is divided by 150?
149
What is the remainder when 557 is divided by 546?
11
Calculate the remainder when 104873 is divided by 25.
23
Calculate the remainder when 271 is divided by 17.
16
Calculate the remainder when 2986 is divided by 49.
46
What is the remainder when 84 is divided by 5?
4
Calculate the remainder when 63 is divided by 17.
12
Calculate the remainder when 252 is divided by 140.
112
What is the remainder when 1870 is divided by 48?
46
What is the remainder when 435 is divided by 413?
22
What is the remainder when 499 is divided by 13?
5
Calculate the remainder when 206 is divided by 113.
93
What is the remainder when 21090 is divided by 79?
76
What is the remainder when 147 is divided by 5?
2
What is the remainder when 686 is divided by 86?
84
What is the remainder when 1761 is divided by 440?
1
What is the remainder when 307 is divided by 39?
34
Calculate the remainder when 3424 is divided by 156.
148
What is the remainder when 193 is divided by 56?
25
What is the remainder when 507 is divided by 102?
99
What is the remainder when 361 is divided by 33?
31
What is the remainder when 92 is divided by 41?
10
Calculate the remainder when 447 is divided by 16.
15
What is the remainder when 238 is divided by 80?
78
What is the remainder when 8976 is divided by 4486?
4
Calculate the remainder when 1060 is divided by 9.
7
What is the remainder when 15495 is divided by 41?
38
What is the remainder when 1154 is divided by 21?
20
Calculate the remainder when 452 is divided by 35.
32
What is the remainder when 1384 is divided by 9?
7
What is the remainder when 99 is divided by 29?
12
What is the remainder when 46 is divided by 6?
4
What is the remainder when 782 is divided by 16?
14
Calculate the remainder when 60 is divided by 34.
26
What is the remainder when 91 is divided by 2?
1
Calculate the remainder when 83 is divided by 22.
17
Calculate the remainder when 55 is divided by 21.
13
What is the remainder when 86 is divided by 40?
6
What is the remainder when 189 is divided by 169?
20
Calculate the remainder when 62 is divided by 5.
2
Calculate the remainder when 460 is divided by 58.
54
What is the remainder when 319 is divided by 144?
31
Calculate the remainder when 223 is divided by 74.
1
What is the remainder when 49 is divided by 42?
7
Calculate the remainder when 20032 is divided by 27.
25
Calculate the remainder when 105 is divided by 52.
1
Calculate the remainder when 1146 is divided by 41.
39
Calculate the remainder when 1010 is divided by 37.
11
Calculate the remainder when 110 is divided by 6.
2
Calculate the remainder when 197 is divided by 50.
47
What is the remainder when 33 is divided by 24?
9
Calculate the remainder when 667 is divided by 253.
161
Calculate the remainder when 42 is divided by 9.
6
What is the remainder when 51 is divided by 7?
2
Calculate the remainder when 3370 is divided by 135.
130
Calculate the remainder when 120 is divided by 12.
0
Calculate the remainder when 125 is divided by 13.
8
What is the remainder when 1031 is divided by 508?
15
Calculate the remainder when 443 is divided by 93.
71
What is the remainder when 1847 is divided by 17?
11
Calculate the remainder when 8872 is divided by 193.
187
Calculate the remainder when 963 is divided by 30.
3
What is the remainder when 364 is divided by 119?
7
What is the remainder when 1340 is divided by 16?
12
What is the remainder when 1217 is divided by 174?
173
What is the remainder when 59 is divided by 36?
23
What is the remainder when 59 is divided by 22?
15
Calculate the remainder when 321 is divided by 23.
22
Calculate the remainder when 6800 is divided by 28.
24
Calculate the remainder when 4862 is divided by 7.
4
What is the remainder when 2027 is divided by 35?
32
What is the remainder when 4344 is divided by 23?
20
What is the remainder when 860 is divided by 41?
40
Calculate the remainder when 252 is divided by 71.
39
What is the remainder when 31128 is divided by 55?
53
Calculate the remainder when 322 is divided by 92.
46
Calculate the remainder when 313 is divided by 21.
19
Calculate the remainder when 3160 is divided by 17.
15
Calculate the remainder when 1528 is divided by 232.
136
What is the remainder when 3575 is divided by 298?
297
Calculate the remainder when 21796 is divided by 18.
16
What is the remainder when 254 is divided by 82?
8
Calculate the remainder when 3036 is divided by 32.
28
Calculate the remainder when 177 is divided by 30.
27
What is the remainder when 179 is divided by 68?
43
Calculate the remainder when 587 is divided by 149.
140
What is the remainder when 415 is divided by 70?
65
Calcul